 19059.
3, 6353
List the prime factors of 6765.
3, 5, 11, 41
What are the prime factors of 16039?
43, 373
List the prime factors of 1040.
2, 5, 13
What are the prime factors of 246?
2, 3, 41
List the prime factors of 46828.
2, 23, 509
What are the prime factors of 284?
2, 71
What are the prime factors of 3066?
2, 3, 7, 73
List the prime factors of 133585.
5, 26717
List the prime factors of 2744.
2, 7
List the prime factors of 1101.
3, 367
What are the prime factors of 5757?
3, 19, 101
What are the prime factors of 385?
5, 7, 11
List the prime factors of 91328.
2, 1427
List the prime factors of 3979.
23, 173
List the prime factors of 468.
2, 3, 13
List the prime factors of 4072.
2, 509
List the prime factors of 2763.
3, 307
List the prime factors of 14072.
2, 1759
List the prime factors of 66784.
2, 2087
What are the prime factors of 3475?
5, 139
What are the prime factors of 243?
3
What are the prime factors of 6648?
2, 3, 277
List the prime factors of 634.
2, 317
List the prime factors of 37624.
2, 4703
What are the prime factors of 42145?
5, 8429
List the prime factors of 11375.
5, 7, 13
List the prime factors of 60843.
3, 17, 1193
What are the prime factors of 55993?
7, 19, 421
What are the prime factors of 553?
7, 79
What are the prime factors of 213?
3, 71
What are the prime factors of 150735?
3, 5, 13, 773
List the prime factors of 1818.
2, 3, 101
List the prime factors of 30001.
19, 1579
List the prime factors of 14024.
2, 1753
List the prime factors of 855.
3, 5, 19
What are the prime factors of 85379?
7, 12197
What are the prime factors of 370?
2, 5, 37
List the prime factors of 1738.
2, 11, 79
List the prime factors of 46756.
2, 11689
List the prime factors of 6079.
6079
List the prime factors of 1351.
7, 193
List the prime factors of 6838.
2, 13, 263
List the prime factors of 9400.
2, 5, 47
What are the prime factors of 1256?
2, 157
List the prime factors of 27522.
2, 3, 11, 139
List the prime factors of 23492.
2, 7, 839
What are the prime factors of 11167?
13, 859
What are the prime factors of 3897?
3, 433
List the prime factors of 14140.
2, 5, 7, 101
What are the prime factors of 1629?
3, 181
List the prime factors of 566.
2, 283
What are the prime factors of 6328?
2, 7, 113
List the prime factors of 14378.
2, 7, 13, 79
What are the prime factors of 306?
2, 3, 17
What are the prime factors of 2758?
2, 7, 197
What are the prime factors of 11925?
3, 5, 53
List the prime factors of 20789.
20789
List the prime factors of 28473.
3, 9491
What are the prime factors of 826?
2, 7, 59
List the prime factors of 36.
2, 3
What are the prime factors of 2479?
37, 67
What are the prime factors of 1212?
2, 3, 101
What are the prime factors of 9660?
2, 3, 5, 7, 23
List the prime factors of 105.
3, 5, 7
List the prime factors of 788.
2, 197
What are the prime factors of 1689?
3, 563
What are the prime factors of 7587?
3, 281
List the prime factors of 1351.
7, 193
What are the prime factors of 96639?
3, 32213
What are the prime factors of 12765?
3, 5, 23, 37
What are the prime factors of 4653?
3, 11, 47
List the prime factors of 1196.
2, 13, 23
What are the prime factors of 8528?
2, 13, 41
What are the prime factors of 14892?
2, 3, 17, 73
What are the prime factors of 46155?
3, 5, 17, 181
What are the prime factors of 65623?
137, 479
What are the prime factors of 836?
2, 11, 19
What are the prime factors of 693?
3, 7, 11
List the prime factors of 1878.
2, 3, 313
List the prime factors of 11900.
2, 5, 7, 17
List the prime factors of 1697.
1697
List the prime factors of 75501.
3, 8389
What are the prime factors of 824?
2, 103
What are the prime factors of 4434?
2, 3, 739
List the prime factors of 515.
5, 103
What are the prime factors of 5343?
3, 13, 137
What are the prime factors of 13348?
2, 47, 71
What are the prime factors of 65440?
2, 5, 409
What are the prime factors of 2923?
37, 79
What are the prime factors of 54576?
2, 3, 379
What are the prime factors of 5707?
13, 439
List the prime factors of 142006.
2, 19, 37, 101
List the prime factors of 234.
2, 3, 13
List the prime factors of 57.
3, 19
What are the prime factors of 2487?
3, 829
What are the prime factors of 6501?
3, 11, 197
What are the prime factors of 22021?
19, 61
List the prime factors of 82640.
2, 5, 1033
List the prime factors of 304.
2, 19
List the prime factors of 1094.
2, 547
List the prime factors of 29351.
7, 599
What are the prime factors of 88352?
2, 11, 251
List the prime factors of 12403.
79, 157
What are the prime factors of 45440?
2, 5, 71
List the prime factors of 99893.
191, 523
What are the prime factors of 67134?
2, 3, 67, 167
What are the prime factors of 128455?
5, 23, 1117
List the prime factors of 21476.
2, 7, 13, 59
List the prime factors of 18172.
2, 7, 11, 59
What are the prime factors of 1752?
2, 3, 73
List the prime factors of 7661.
47, 163
What are the prime factors of 36154?
2, 18077
What are the prime factors of 28845?
3, 5, 641
List the prime factors of 3426.
2, 3, 571
What are the prime factors of 5323?
5323
List the prime factors of 233.
233
List the prime factors of 1283.
1283
What are the prime factors of 2221?
2221
List the prime factors of 3296.
2, 103
What are the prime factors of 578?
2, 17
List the prime factors of 2216.
2, 277
List the prime factors of 3172.
2, 13, 61
What are the prime factors of 7880?
2, 5, 197
List the prime factors of 39136.
2, 1223
What are the prime factors of 967?
967
List the prime factors of 16876.
2, 4219
What are the prime factors of 110231?
11, 911
What are the prime factors of 1734?
2, 3, 17
What are the prime factors of 2166?
2, 3, 19
List the prime factors of 5896.
2, 11, 67
What are the prime factors of 440?
2, 5, 11
What are the prime factors of 16949?
17, 997
What are the prime factors of 40818?
2, 3, 6803
List the prime factors of 17375.
5, 139
What are the prime factors of 12726?
2, 3, 7, 101
What are the prime factors of 876?
2, 3, 73
What are the prime factors of 712?
2, 89
What are the prime factors of 274?
2, 137
List the prime factors of 4150.
2, 5, 83
What are the prime factors of 280?
2, 5, 7
What are the prime factors of 4763?
11, 433
What are the prime factors of 59?
59
List the prime factors of 2049.
3, 683
What are the prime factors of 53376?
2, 3, 139
What are the prime factors of 4108?
2, 13, 79
List the prime factors of 557.
557
What are the prime factors of 28568?
2, 3571
List the prime factors of 8157.
3, 2719
List the prime factors of 5562.
2, 3, 103
What are the prime factors of 449?
449
What are the prime factors of 6549?
3, 37, 59
What are the prime factors of 4437?
3, 17, 29
What are the prime factors of 54?
2, 3
List the prime factors of 22968.
2, 3, 11, 29
List the prime factors of 13729.
13729
What are the prime factors of 2990?
2, 5, 13, 23
List the prime factors of 1298.
2, 11, 59
List the prime factors of 26262.
2, 3, 1459
List the prime factors of 36599.
36599
List the prime factors of 122.
2, 61
What are the prime factors of 41705?
5, 19, 439
What are the prime factors of 42381?
3, 17, 277
What are the prime factors of 526?
2, 263
List the prime factors of 28100.
2, 5, 281
What are the prime factors of 52759?
7, 7537
What are the prime factors of 136106?
2, 68053
What are the prime factors of 2319?
3, 773
List the prime factors of 103027.
269, 383
What are the prime factors of 1600?
2, 5
List the prime factors of 14256.
2, 3, 11
List the prime factors of 6911.
6911
What are the prime factors of 2258?
2, 1129
What are the prime factors of 4545?
3, 5, 101
What are the prime factors of 15411?
3, 11, 467
List the prime factors of 3908.
2, 977
What are the prime factors of 5771?
29, 199
List the prime factors of 45056.
2, 11
What are the prime factors of 4302?
2, 3, 239
List the prime factors of 8503.
11, 773
List the prime factors of 357.
3, 7, 17
What are the prime factors of 135128?
2, 7, 19, 127
List the prime factors of 1250.
2, 5
List the prime factors of 29906.
2, 19, 787
List the prime factors of 365.
5, 73
List the prime factors of 5491.
17, 19
List the prime factors of 272.
2, 17
What are the prime factors of 100559?
100559
List the prime factors of 8588.
2, 19, 113
What are the prime factors of 146?
2, 73
What are the prime factors of 93059?
93059
List the prime factor